ase 14) in base 10?
-35
What is -110 (base 2) in base 14?
-6
Convert -141 (base 5) to base 13.
-37
Convert 0 (base 7) to base 6.
0
Convert -60 (base 10) to base 8.
-74
Convert -a (base 12) to base 3.
-101
What is -2 (base 13) in base 4?
-2
-13 (base 8) to base 10
-11
What is 1 (base 10) in base 9?
1
Convert -100011100 (base 2) to base 14.
-164
Convert 2b (base 12) to base 8.
43
2 (base 3) to base 16
2
Convert -13d (base 15) to base 8.
-433
What is 6 (base 14) in base 8?
6
What is -1d (base 16) in base 14?
-21
What is 9 (base 15) in base 3?
100
What is 12 (base 4) in base 2?
110
44 (base 7) to base 14
24
7 (base 16) to base 5
12
What is 9 (base 13) in base 2?
1001
What is 3 (base 13) in base 2?
11
Convert 6 (base 13) to base 11.
6
What is -a4 (base 14) in base 3?
-12100
-1 (base 3) to base 5
-1
44 (base 8) to base 4
210
What is 0 (base 4) in base 12?
0
5 (base 6) to base 2
101
What is -9 (base 13) in base 8?
-11
What is -100001100 (base 2) in base 4?
-10030
What is -2 (base 8) in base 4?
-2
132 (base 6) to base 8
70
What is 0 (base 4) in base 9?
0
110 (base 7) to base 6
132
What is 10 (base 4) in base 11?
4
What is 121 (base 4) in base 12?
21
204 (base 6) to base 10
76
Convert 42 (base 6) to base 14.
1c
What is 8 (base 16) in base 7?
11
What is 3 (base 5) in base 15?
3
Convert -7 (base 16) to base 5.
-12
What is 12 (base 4) in base 11?
6
Convert -2b (base 14) to base 16.
-27
232 (base 5) to base 9
74
Convert 32 (base 4) to base 14.
10
Convert -8 (base 11) to base 5.
-13
Convert 3321 (base 4) to base 6.
1053
What is -123 (base 5) in base 16?
-26
37 (base 11) to base 2
101000
What is -22 (base 8) in base 10?
-18
What is 222 (base 3) in base 16?
1a
What is 3 (base 11) in base 3?
10
What is 1 (base 12) in base 3?
1
220 (base 6) to base 3
10010
Convert 127 (base 9) to base 10.
106
-10 (base 3) to base 2
-11
What is 0 (base 8) in base 2?
0
What is 42 (base 5) in base 9?
24
What is -f (base 16) in base 2?
-1111
What is 3 (base 16) in base 5?
3
What is -3 (base 6) in base 16?
-3
Convert -2 (base 14) to base 10.
-2
-5 (base 10) to base 15
-5
32 (base 6) to base 5
40
Convert -75 (base 14) to base 9.
-124
Convert 3 (base 6) to base 3.
10
What is -ec (base 16) in base 7?
-455
Convert -198 (base 14) to base 2.
-101001010
What is 12 (base 6) in base 7?
11
60 (base 9) to base 2
110110
Convert -51 (base 15) to base 14.
-56
Convert 18 (base 10) to base 12.
16
What is 1a (base 14) in base 6?
40
Convert -20 (base 7) to base 6.
-22
Convert -102 (base 3) to base 4.
-23
Convert 2144 (base 5) to base 13.
1a0
Convert 4 (base 6) to base 15.
4
1 (base 12) to base 16
1
-1111 (base 2) to base 13
-12
What is 127 (base 8) in base 9?
106
What is -3 (base 14) in base 10?
-3
Convert -10 (base 2) to base 10.
-2
Convert -2 (base 3) to base 9.
-2
1000 (base 2) to base 10
8
-33 (base 10) to base 16
-21
Convert 0 (base 3) to base 13.
0
Convert 2b (base 14) to base 10.
39
-100 (base 2) to base 6
-4
Convert 3 (base 15) to base 16.
3
Convert 8 (base 15) to base 3.
22
3 (base 16) to base 4
3
3d (base 14) to base 11
50
What is 3 (base 4) in base 16?
3
Convert 0 (base 12) to base 4.
0
-114 (base 7) to base 5
-220
Convert -42 (base 15) to base 3.
-2022
Convert -5 (base 11) to base 12.
-5
What is 4 (base 6) in base 10?
4
What is 4e (base 15) in base 4?
1022
What is 7 (base 14) in base 10?
7
Convert -25 (base 7) to base 5.
-34
What is 26 (base 16) in base 4?
212
What is 3a (base 16) in base 2?
111010
What is 1254 (base 6) in base 2?
101000010
Convert -31 (base 6) to base 14.
-15
What is 2 (base 6) in base 11?
2
What is -2301 (base 4) in base 9?
-216
110 (base 5) to base 4
132
What is 224 (base 6) in base 11?
80
13 (base 5) to base 10
8
Convert 4 (base 10) to base 4.
10
What is 1 (base 13) in base 9?
1
Convert 101 (base 3) to base 7.
13
-66 (base 8) to base 15
-39
Convert -8 (base 12) to base 2.
-1000
What is 29 (base 14) in base 11?
34
Convert -4 (base 8) to base 4.
-10
Convert -33 (base 5) to base 9.
-20
Convert 33 (base 10) to base 5.
113
27 (base 8) to base 10
23
7 (base 10) to base 6
11
Convert 132 (base 10) to base 9.
156
What is b4 (base 13) in base 8?
223
-1102 (base 4) to base 16
-52
-2 (base 7) to base 3
-2
What is 4 (base 8) in base 7?
4
15 (base 8) to base 16
d
What is -48 (base 11) in base 5?
-202
Convert 120 (base 5) to base 15.
25
Convert 1 (base 10) to base 16.
1
-3 (base 14) to base 5
-3
What is -2 (base 14) in base 3?
-2
1 (base 12) to base 9
1
What is -442 (base 7) in base 14?
-122
-6 (base 9) to base 2
-110
-9 (base 12) to base 5
-14
-3 (base 5) to base 6
-3
What is 7 (base 13) in base 10?
7
-30 (base 9) to base 11
-25
What is 3 (base 15) in base 8?
3
What is -b (base 13) in base 8?
-13
Convert -8 (base 15) to base 13.
-8
Convert -4 (base 9) to base 16.
-4
-37 (base 13) to base 15
-31
-354 (base 7) to base 2
-10111010
What is 19 (base 15) in base 5?
44
-10 (base 3) to base 14
-3
What is -1021 (base 4) in base 10?
-73
-54 (base 6) to base 7
-46
16 (base 9) to base 16
f
Convert -2 (base 8) to base 6.
-2
What is -7 (base 10) in base 6?
-11
Convert 0 (base 8) to base 14.
0
-3 (base 4) to base 10
-3
Convert 2c (base 13) to base 3.
1102
What is -24 (base 11) in base 14?
-1c
22 (base 8) to base 9
20
-131 (base 7) to base 9
-78
-e (base 16) to base 12
-12
Convert -181 (base 12) to base 9.
-287
-23 (base 6) to base 15
-10
What is -1120 (base 3) in base 7?
-60
27 (base 12) to base 5
111
-43 (base 9) to base 13
-30
Convert -2312 (base 4) to base 3.
-20202
242 (base 11) to base 5
2123
7 (base 9) to base 7
10
Convert -b (base 14) to base 3.
-102
Convert -1 (base 8) to base 14.
-1
-72 (base 15) to base 8
-153
-13 (base 6) to base 15
-9
28 (base 9) to base 16
1a
Convert -1 (base 6) to base 16.
-1
Convert -2 (base 11) to base 6.
-2
-5 (base 8) to base 9
-5
1 (base 10) to base 14
1
Convert -2 (base 9) to base 2.
-10
What is 1 (base 3) in base 10?
1
1110 (base 2) to base 3
112
Convert -2 (base 7) to base 16.
-2
Convert 56 (base 13) to base 15.
4b
Convert 78 (base 10) to base 7.
141
-10110 (base 3) to base 15
-63
5 (base 14) to base 11
5
-117 (base 9) to base 10
-97
What is -11 (base 9) in base 11?
-a
-12 (base 6) to base 3
-22
-1023 (base 4) to base 14
-55
What is -41 (base 7) in base 14?
-21
Convert 1 (base 7) to base 13.
1
113 (base 11) to base 4
2013
Convert 5 (base 7) to base 13.
5
25 (base 8) to base 5
41
47 (base 8) to base 13
30
Convert 31 (base 6) to base 5.
34
3 (base 10) to base 12
3
What is 2 (base 14) in base 10?
2
Convert -57 (base 16) to base 6.
-223
What is 22 (base 4) in base 3?
101
-8 (base 14) to base 11
-8
Convert -24 (base 10) to base 11.
-22
What is 1011 (base 2) in base 6?
15
Convert 111 (base 4) to base 9.
23
-12 (base 11) to base 4
-31
Convert 10001 (base 2) to base 14.
13
3 (base 16) to base 11
3
Convert -15 (base 9) to base 13.
-11
What is 92 (base 13) in base 8?
167
Convert 6 (base 14) to base 9.
6
What is 53 (base 10) in base 12?
45
Convert -1 (base 9) to base 11.
-1
Convert 32 (base 8) to base 4.
122
6 (base 10) to base 2
110
Convert 1 (base 10) to base 8.
1
Convert 1 (base 11) to base 3.
1
What is -c (base 14) in base 10?
-12
14 (base 8) to base 9
13
15 (base 10) to base 4
33
Convert 0 (base 15) to base 14.
0
Convert 102 (base 5) to base 2.
11011
Convert -8 (base 11) to base 4.
-20
What is 1c (base 14) in base 7?
35
Convert a (base 14) to base 12.
a
What is 24 (base 16) in base 12?
30
-41 (base 13) to base 4
-311
100 (base 3) to base 6
13
Convert 1102 (base 6) to base 11.
211
115 (base 7) to base 9
67
-c (base 15) to base 11
-11
54 (base 12) to base 15
44
What is 5 (base 13) in base 7?
5
4 (base 6) to base 2
100
Convert b0 (base 12) to base 7.
246
2 (base 8) to base 3
2
Convert 2 (base 7) to base 15.
2
What is 165 (base 11) in base 8?
300
What is 14 (base 14) in base 8?
22
b3 (base 12) to base 11
113
What is 110 (base 2) in base 10?
6
10202 (base 3) to base 9
122
Convert -23 (base 4) to base 8.
-13
17 (base 14) to base 7
30
What is 11 (base 4) in base 2?
101
What is 2 (base 13) in base 4?
2
Convert -202 (base 3) to base 14.
-16
Convert -21 (base 13) to base 2.
-11011
db (base 14) to base 12
141
-16 (base 7) to base 13
-10
What is -25 (base 12) in base 11?
-27
Convert 18 (base 10) to base 4.
102
What is -27 (base 9) in base 8?
-31
What is 3 (base 6) in bas